 q(-12). Suppose 5*z = 0, -5*a + 39*z - 41*z + 25 = h. Let t(m) = -m + 7. Calculate t(a).
2
Let y(n) be the second derivative of -115*n**3/6 - n**2 - 4961*n. Calculate y(-1).
113
Let k = 1 - 1. Let p(n) = -9*n**2 - 14*n + 20. Suppose -12*w + 12 = -16*w. Let l(t) = 4*t**2 + 6*t - 11. Let j(q) = w*p(q) - 7*l(q). Determine j(k).
17
Suppose -6*b - 240 = -246. Let y be 6/4*8/6. Let u(n) = -8*n**y - 19*n + 19*n. Give u(b).
-8
Let z = -383 + 425. Let x(r) = 81 - r - 17 - z + 3*r. What is x(-14)?
-6
Suppose 0 = -0*u + 73*u - 3*u + 280. Let l(c) = -7*c - 22. Determine l(u).
6
Suppose 5*f - 2*f = -21*f. Let r(c) be the third derivative of -1/6*c**6 + 0*c + f*c**5 + 13*c**2 + 0*c**3 - 1/24*c**4 + 0. What is r(-1)?
21
Let b(c) = 40*c**2 - 2*c + 2. Let u be b(1). Let o = 51 - u. Let z = -4 + o. Let k(h) = -h**3 + 7*h**2 - 3. Determine k(z).
-3
Let l(z) = -2*z - 3. Let q(s) = -s**2 + 10*s + 12. Let c(n) = 9*l(n) + 2*q(n). Suppose 22*t + 12 = 26*t. Give c(t).
-15
Let g(s) = -s**3 + 4*s**2 - 2*s. Let o be (-1)/4 - (-52)/16. Suppose -x - 14 = -3*f, -2*x - o*f - 42 = x. Let p = -10 - x. Calculate g(p).
-8
Let a(i) = -i + 2 + 11*i**3 + 3*i**2 - 3 - 4*i**2 + 0. Let f = -38 - -49. Suppose m - 2*o = 5, 3*m - 2*m - 4*o = f. Give a(m).
-12
Let k(m) be the third derivative of m**6/60 - m**5/12 + 7*m**4/24 - 5*m**3/6 + 2*m**2 - 150. Let n be (2/4)/(1/4). Determine k(n).
5
Let v(m) be the third derivative of -m**4/6 - 18*m**3 + 1187*m**2. Calculate v(-25).
-8
Let q(u) = -31*u - 24. Let y = 83 - 83. Give q(y).
-24
Let i(s) = s + 3. Suppose 10*j - 230 = 5*j - 5*r, 4*j = -2*r + 192. Suppose j*a - 55 = 61*a. Give i(a).
-2
Let n be (1/2)/((-4)/(-40)). Let l(q) be the first derivative of 2*q**2 + q + 1341. Calculate l(n).
21
Suppose -3*q = -0*m + 3*m - 51, -4*q + 36 = 2*m. Let t(z) = -z + 13 + 4*z - m. Calculate t(4).
9
Let v(l) be the second derivative of -l**5/10 + l**4/4 - 7*l**3/6 + 4*l**2 + 85*l - 3. Give v(2).
-10
Let r(k) = -k**2 + 8*k - 4. Suppose -9*t = 15 - 375. Suppose 7 = -4*h + 3*z + 39, -z = -5*h + t. Calculate r(h).
-4
Suppose -37*n = -41*n. Let g(o) be the second derivative of o**3/6 + 15*o**2 + 4*o. Determine g(n).
30
Let c(s) = -11*s - 1. Let d(w) = 52*w - 39. Let t(p) = -5*c(p) - d(p). Give t(-14).
2
Let k(m) = -2404*m + 2409*m + 9*m**2 + 4 + 8*m**3 - 7*m**2. Determine k(-2).
-62
Let y be 3/((0 - -2)*3/2). Let v(n) = 7*n**3 + n**2 - 6. Let x(u) = 4*u**3 + 1. Let q(j) = -v(j) - 5*x(j). Give q(y).
-27
Let z(w) = w**2 + 7*w + 7. Let j(i) = 5*i + 4. Suppose 0 = 20*o - 2*o + 36. Let g be j(o). Determine z(g).
1
Let y(i) = -402732*i - 5*i**2 + 2 + 201367*i + 201362*i. Suppose -3*a - 1 = 2*k, -k - 15 = -5*a + 4*k. Calculate y(a).
-6
Let p(a) = 4*a + 91. Suppose -67*g - 558 = -36*g. What is p(g)?
19
Let k be ((-3)/36)/(0 - 2). Let u(r) be the third derivative of 0*r + r**3 + 0 - k*r**4 + 33*r**2. What is u(10)?
-4
Let y(p) = p**2 + 2*p + 33. Suppose 5*s - 30 = -2*l, 174*l - 4*s = 170*l - 24. Determine y(l).
33
Suppose 3*d - d - 20 = 0. Let h(t) = 1 + t + d*t**2 - 1. Suppose 0 = -3*q + 3*p, 34*p + 5 = 39*p. Give h(q).
11
Let z(i) be the second derivative of -i**5/20 + i**4/3 + i**3/2 + 7*i**2 - 161*i + 12. What is z(5)?
4
Let k(p) = -4*p**3 + 2*p**2 + 2*p + 1. Suppose 3*n + 4*o = 25, -4*n = -9*o + 13*o - 24. Determine k(n).
5
Let y = -4679 - -4688. Let k(z) = -z**2 + 8*z + 16. What is k(y)?
7
Let s(y) = 3*y + 23. Let f(r) = 8*r + 68. Let c(l) = -4*f(l) + 11*s(l). Let h(p) = -p**2 + 14*p - 37. Let x be h(6). What is c(x)?
-8
Let s(g) = g**3 - 4*g**2 - 2*g. Suppose -224*w + 228*w = 484. Let n = w + -116. Calculate s(n).
15
Let m(k) be the first derivative of -k**4/4 + k**3 + 2*k**2 + k + 6316. Let d = 15 - 9. Let f = -2 + d. Give m(f).
1
Let u(w) = -11*w**2 - w - 1. Let t be u(-2). Let n = t - -46. Let o(g) = 2*g**2 + n*g + g + 28 - g**2 - 3*g. Determine o(0).
28
Let s(v) = -v**2 - v + 2. Let o(j) = -j**3 - 13*j**2 - 18*j - 48. Let y be o(-12). Suppose -37*x + 31*x - y = 0. Determine s(x).
-10
Let x(l) = -3*l**2 - 15*l - 12. Let s(j) = 180*j - 1984. Let v be s(11). What is x(v)?
0
Suppose 3*n = 5*i - 3*i + 98, -i + 86 = 3*n. Suppose 133*a = 139*a + n. Let y(t) = 7 + 2*t + 3 - 3. What is y(a)?
-3
Let r(f) be the second derivative of -19*f**3/2 - 289*f**2/2 + 20*f + 6. Determine r(-5).
-4
Suppose 0 = 5*h - 0*b - 4*b - 54, 3*b = -5*h + 47. Let s(o) = o + 5. Let d(j) = -4*j - 16. Let u(x) = h*s(x) + 3*d(x). Let t = -9608 - -9612. What is u(t)?
-6
Let w(a) = -a**2 - 149 - 2*a + 15*a + a + 119. Give w(13).
-17
Let a(u) = -2*u**2 + 0*u**2 - 11 + 22 + 7*u. Let x(j) = j**2 - 4*j - 5. Let r(d) = 2*a(d) + 5*x(d). What is r(4)?
-11
Let c(v) = -3972 - 3*v + 0*v + 3940. Calculate c(-7).
-11
Let a(o) be the first derivative of o**5/60 + 11*o**4/24 - 19*o**3/6 + o**2/2 + 121*o + 282. Let k(l) be the second derivative of a(l). Give k(-11).
-19
Let n(d) = 3*d - 1. Let i(r) be the second derivative of -8*r**3/3 + r**2 + 3*r - 4. Let v(f) = i(f) + 5*n(f). Determine v(-3).
0
Let u be 26*(3 + -8 - -3). Let w = u + 50. Let m(q) be the first derivative of 3*q**4/4 + 2*q**3/3 - q**2/2 + 2*q - 21. What is m(w)?
-12
Let k be 49/14*(4 + -2). Let u = 7 - k. Let m(o) = -o**3 - o**2 - o + 2. Determine m(u).
2
Let o(c) = -73 - 25 + 164 + 2*c - 64. Determine o(3).
8
Let k = 132 - 130. Let q(p) = -6 - p**2 + 3*p**k + 11*p - p**2 - 4*p. Determine q(-7).
-6
Let j be 15/39*5 + 440/5720. Let m(r) be the first derivative of -r**3 + 5*r**2/2 - 5*r - 2. Calculate m(j).
-7
Let j(r) = 172*r**2 - 8*r - 4. Let d be j(5). Suppose 5*u + d = 9*u. Let y(o) = -1 - 1064*o + o**2 + u*o. Give y(3).
8
Let y be 205/2 - 6/12*-1. Suppose -25*t + y = -147. Let i(d) = -d**3 + 10*d**2 - d + 10. Calculate i(t).
0
Let i(r) be the first derivative of r**4/12 + r**3/2 - 5*r**2/2 - 69*r + 14. Let h(p) be the first derivative of i(p). Calculate h(-7).
23
Let d(x) = 144*x + 15. Let y(b) = -118*b - 12. Let v(j) = 9*d(j) + 11*y(j). Suppose -28 = s - 5*s. Suppose s = -3*t - 2. Calculate v(t).
9
Let o(r) = 4*r**2 - 28*r + 10. Let u(c) = c**2 - 7*c + 2. Let h be (-3)/((-18)/6) - -1. Let n(l) = h*o(l) - 9*u(l). What is n(7)?
2
Let w be (((-288)/10)/(-9))/(((-32)/(-20))/4). Let t(q) = q**2 - 5*q + 5. Determine t(w).
29
Let f(s) = 14791*s**2 - 47*s + s**3 - 28 - 14783*s**2 + 35*s. Give f(-9).
-1
Let i(v) = 2*v**2 - 6*v - 3. Suppose -40 = -3*u - 52. Let l(f) = 3*f**2 - 5*f - 2. Let t(z) = u*i(z) + 3*l(z). What is t(-7)?
-8
Let o(a) = 3*a**2 + 9*a - 5. Let i(m) = -8*m**2 - 26*m + 25 + 2 - 6 - 6. Let v(d) = -4*i(d) - 11*o(d). Determine v(7).
-19
Let q(r) = -3*r + 32. Suppose 5*v + 17 = 3*p - 18, 0 = -v + 2*p. Calculate q(v).
62
Let l(u) = -u + 13. Suppose -16*t + 463 = 175. Determine l(t).
-5
Let r = -5 - -6. Let c be 16/(-12)*27/(-12). Suppose 3*b = -3*k + 21, -c*b + 2*k = -12 + r. Let w(q) = -2*q + 4. Calculate w(b).
-6
Let v(u) = -73*u + 32. Let l be v(2). Let c = l - -114. Let b(s) = s + 19. Give b(c).
19
Let a(q) = q**3 - 10*q**2 + 13*q + 18. Let h be ((-4)/(-46))/(860/4945) - (-15)/2. Give a(h).
-6
Let b(g) = -g**3 - 11*g**2 - 4*g - 51. Let v = 27683 - 27694. What is b(v)?
-7
Let i(g) = g - 1. Suppose 5*o + 11*y + 6 = 15*y, -5*o + 3*y - 7 = 0. What is i(o)?
-3
Let s(o) be the third derivative of o**4/4 - 2*o**3/3 - 53*o**2. Suppose 35 = -22*v + 101. Give s(v).
14
Let l(h) = -h**2 - 4*h - 2. Let b = -189 + 194. Suppose 4*d + w + 25 = 0, 4*d + 35 = 2*d - b*w. Calculate l(d).
-7
Let n(x) = x + 5. Suppose 0 = -10*g + 11 + 29. Suppose 0*w = -g*w. Suppose w = 10*c - 12*c - 8. Calculate n(c).
1
Let s(y) be the second derivative of -1/6*y**3 - 1/2*y**2 - 23*y - 1/6*y**4 + 4. Calculate s(2).
-11
Let d(m) = -m**2 + 9*m + 24. Let b(r) = -3*r**2 - 75*r + 33. Let p be b(-25). Let v be (0 - 1/3)/((-1)/p). Calculate d(v).
2
Let u = 440 - 442. Let a(h) be the first derivative of 3/2*h**2 - 8 + 3*h. Determine a(u).
-3
Let b = 852 + -862. Let x(o) = -1 - 1 - 3 - 4 - o. Determine x(b).
1
Let l(z) be the first derivative of 25*z**2/2 + z - 2483. Determine l(2).
51
Let z be (1 + -5)*1 + -3. Let v(r) = 1 + 1 - 569*r**2 + 9*r + 570*r**2 - 2*r. Give v(z).
2
Let q(m) = 136*m - 28. Let b(f) = 161*f - 27. Let z(a) = -5*b(a) + 6*q(a). Give z(3).
0
Let y(s) be the first derivative of s**4/4 - 4*s**3/3 - s**2 + 4*s - 1266. Calculate y(4).
-4
Let b(h) = -4*h**2 + 